 is 257b + -31d?
225d
In base 5, what is 20 + -421300213?
-421300143
In base 11, what is 572175 + -5?
572170
In base 13, what is 4671a03 - 2?
4671a01
In base 13, what is -5 - -aa30631?
aa30629
In base 11, what is -46a - 1716?
-2085
In base 11, what is -57 + -1366866?
-1366912
In base 2, what is -1110010100100111111 + 11110001?
-1110010100001001110
In base 11, what is 73614 - -65?
73679
In base 8, what is -1755 - 414037?
-416014
In base 16, what is 111cf46f - -2?
111cf471
In base 15, what is -96a + 303d?
25c3
In base 5, what is 101201 - 4030?
42121
In base 16, what is -1 + -170fcd?
-170fce
In base 13, what is -622b03a + 4?
-622b036
In base 6, what is 15034230 + 501?
15035131
In base 10, what is -3468569 - 6?
-3468575
In base 11, what is 14 - -1685011?
1685025
In base 16, what is -21e + -a18?
-c36
In base 8, what is 0 - 62712264?
-62712264
In base 9, what is 1552 - -253343?
255005
In base 7, what is -4051131 + 22?
-4051106
In base 16, what is -4c + -100e5?
-10131
In base 2, what is 100101111000 - -1011110100101010?
1100011010100010
In base 11, what is -3236a0 - -22?
-323679
In base 6, what is 14 + 12333013142?
12333013200
In base 16, what is 0 - d4d41?
-d4d41
In base 16, what is -10079 + 2b2?
-fdc7
In base 7, what is 103 - 5314105?
-5314002
In base 3, what is -2 - 2110200211210?
-2110200211212
In base 12, what is -1 + b87198?
b87197
In base 3, what is 100022012220120002 + 0?
100022012220120002
In base 6, what is -25144 - -3403?
-21341
In base 5, what is 4023 - 43310?
-34232
In base 16, what is 100845 - ab?
10079a
In base 13, what is 5 + 123b61?
123b66
In base 2, what is -100010101111100101 + 101000?
-100010101110111101
In base 4, what is -2113 + 12013122?
12011003
In base 7, what is 120060 - -16012?
136102
In base 12, what is 4 - 10b50158?
-10b50154
In base 10, what is -6715764 - 16?
-6715780
In base 16, what is -244bc + 39?
-24483
In base 9, what is -21 + 85507?
85476
In base 10, what is -37555277 + 5?
-37555272
In base 14, what is 3 - -77d5d82?
77d5d85
In base 2, what is -1001011101001101101111010 + -1100?
-1001011101001101110000110
In base 16, what is 12 + 73bb6?
73bc8
In base 3, what is 102011121112221020 - 1?
102011121112221012
In base 13, what is b6b7c8 + 0?
b6b7c8
In base 3, what is 0 - 2102121000121?
-2102121000121
In base 2, what is -100000000110010110110011 + 0?
-100000000110010110110011
In base 12, what is -67 - 81539?
-815a4
In base 10, what is 5 - 14563066?
-14563061
In base 11, what is 2 + -10491855?
-10491853
In base 14, what is c946 - -117?
ca5d
In base 11, what is -16 + -52a3260?
-52a3276
In base 14, what is -a572ba04 + 5?
-a572b9dd
In base 7, what is 3243152 - 110?
3243042
In base 9, what is 32008 - 2087?
28811
In base 6, what is -1 - 321153321?
-321153322
In base 3, what is 12 - 10010111122020211?
-10010111122020122
In base 3, what is -2012110220 - -120120?
-2011220100
In base 10, what is 3046 + 29304?
32350
In base 11, what is -2 + 4140388?
4140386
In base 5, what is -1 - -422013000?
422012444
In base 14, what is 20b0737 - 3?
20b0734
In base 14, what is 5379d - 19?
53784
In base 4, what is 3 - -20002100020210?
20002100020213
In base 16, what is 26f97 + 7?
26f9e
In base 9, what is 41760747 - -3?
41760751
In base 15, what is 38e058 + 47?
38e0a0
In base 10, what is -5 - -1799342?
1799337
In base 13, what is -4 - -181ca7?
181ca3
In base 8, what is 40 - 71550024?
-71547764
In base 9, what is 2 - 4755445?
-4755443
In base 9, what is 342141 + -3361?
337670
In base 3, what is -110 + -21020202221101?
-21020202221211
In base 5, what is 1140142121144 + -1?
1140142121143
In base 6, what is -3 - -214150545?
214150542
In base 15, what is -1 + -4c5a57?
-4c5a58
In base 11, what is 74 - 413341?
-413278
In base 10, what is -2690367 - -9?
-2690358
In base 9, what is -33510730 + -3?
-33510733
In base 12, what is -6 + 467a28a?
467a284
In base 6, what is -33144 + 54?
-33050
In base 16, what is 13b257 + 17?
13b26e
In base 12, what is 1 - -1443917?
1443918
In base 13, what is 30 - 113aa6?
-113a76
In base 10, what is 9 - 16204561?
-16204552
In base 2, what is -10 - 1111111101010100100010000?
-1111111101010100100010010
In base 10, what is 10278788 - 28?
10278760
In base 11, what is -41aa7 - -2?
-41aa5
In base 11, what is -10 - -3420272?
3420262
In base 3, what is 100210001201211 + 220?
100210001202201
In base 6, what is -10300350254 - 5?
-10300350303
In base 7, what is 30364 + 1621?
32315
In base 3, what is 2 + -1012110210012?
-1012110210010
In base 3, what is -11011202 + -100202200210?
-100220212112
In base 4, what is 3 + 110210120221?
110210120230
In base 9, what is -86176 - -138?
-86037
In base 5, what is -14230 + 1402044?
1332314
In base 8, what is -204727 - 147?
-205076
In base 8, what is 3426 - 311335?
-305707
In base 4, what is -1 + -3303333112?
-3303333113
In base 2, what is -1010 - -11000110010110000?
11000110010100110
In base 9, what is -4166225 - -14?
-4166211
In base 12, what is -11 + -1320351?
-1320362
In base 14, what is 11 + 20b13d7?
20b1408
In base 14, what is 1b46a + 17?
1b483
In base 8, what is 3052363 + -67?
3052274
In base 4, what is 101133103 - -2032?
101201201
In base 13, what is 0 + 6650997?
6650997
In base 7, what is -302503202 + 4?
-302503165
In base 13, what is 5 + 334228?
334230
In base 9, what is 4 - -55826708?
55826713
In base 14, what is -10 - -188b74?
188b64
In base 10, what is -149677709 - 0?
-149677709
In base 2, what is -1011111100101110100000 - 100011?
-1011111100101111000011
In base 11, what is -282999484 + 5?
-28299947a
In base 16, what is -2 - -4369c8?
4369c6
In base 12, what is 2a9a + -18513?
-15635
In base 11, what is 3294416 - -4?
329441a
In base 11, what is 2 + -a2991893?
-a2991891
In base 3, what is 12211112011 - -10000?
12211122011
In base 10, what is 18838 - 495?
18343
In base 5, what is -12223430 - 122341?
-12401321
In base 12, what is 8592 - -1960?
a332
In base 5, what is 2 - 432003432021?
-432003432014
In base 2, what is 1110101110111 - 1010100010110001?
-1000101100111010
In base 7, what is -626662 - -534?
-626125
In base 7, what is -111230 + -32230?
-143460
In base 10, what is 2955217740 + -4?
2955217736
In base 5, what is -11 + 31243000044?
31243000033
In base 11, what is -4 + 912650?
912647
In base 11, what is 130a36717 + 5?
130a36721
In base 2, what is -10001011010001100 + -1000011011?
-10001100010100111
In base 9, what is 64 - -870182?
870256
In base 9, what is -45107788 - 3?
-45107802
In base 5, what is -14403023024 + 10?
-14403023014
In base 13, what is -128cc6 + 40?
-128c86
In base 13, what is -5a947 - 54?
-5a99b
In base 13, what is 33b + 7c09?
8247
In base 2, what is 111000010000110111011110001 + -100?
111000010000110111011101101
In base 3, what is 112222002 - -102212002?
222211011
In base 14, what is 6 + -5bda187?
-5bda181
In base 8, what is 5 - 410366?
-410361
In base 6, what is -204 + 30150451?
30150243
In base 16, what is -ef513 - 3f?
-ef552
In base 11, what is 747 + -773a7?
-76760
In base 14, what is -44 - -10a09?
109a5
In base 4, what is 10232201 + 232330?
11131131
In base 9, what is -12013 - 20318?
-32332
In base 5, what is 0 + 210230421040?
210230421040
In base 15, what is 136 - -9d8a?
9ec1
In base 11, what is -363 + -35761?
-36014
In base 12, what is 0 - -3aa16b8?
3aa16b8
In base 11, what is 811 - 9947?
-9136
In base 8, what is 53 - 2521111?
-2521036
In base 9, what is -34 + 146583?
146548
In base 16, what is 207a + -e6d?
120d
In base 2, what is 100000001100001011101001 + 101?
100000001100001011101110
In base 11, what is -11 + -9746275?
-9746286
In base 12, what is -842ba + -a2?
-843a0
In base 6, what is -410113 + -42?
-410155
In base 4, what is -2002202030133 + -10?
-2002202030203
In base 11, what is 38 + -41a64a?
-41a612
In base 8, what is -570 + -7651?
-10441
In base 2, what is -100 - -11111110000111011111011?
11111110000111011110111
In base 12, what is -1 - -3579522?
3579521
In base 7, what is 5066 - 12451?
-4352
In base 7, what is -2566663 + -2414?
-2602410
In base 2, what is 1111 - -1100000110101001011?
1100000110101011010
In base 11, what is -169 - -12629aa?
1262841
In base 8, what is -73651017 + -1?
-73651020
In base 7, what is -1342451225 - -2?
-1342451223
In base 11, what is 784a7 - -419?
78915
In base 14, what is 1904 - 52b3?
-37ad
In base 13, what is -29 + -86659?
-8668